
7
What is the remainder when 11018202 is divided by 1246?
1070
What is the remainder when 57408 is divided by 14333?
76
What is the remainder when 6324 is divided by 2097?
33
Calculate the remainder when 13941812 is divided by 6970897.
18
Calculate the remainder when 16227775 is divided by 15894.
1
What is the remainder when 611828 is divided by 166?
118
What is the remainder when 386077 is divided by 265?
237
Calculate the remainder when 4867934 is divided by 6.
2
What is the remainder when 45235686 is divided by 457?
455
Calculate the remainder when 6434516 is divided by 37.
31
What is the remainder when 110906 is divided by 2640?
26
What is the remainder when 360682 is divided by 211?
83
What is the remainder when 1807205 is divided by 109?
94
Calculate the remainder when 263949333 is divided by 126.
123
What is the remainder when 4616285 is divided by 83?
74
Calculate the remainder when 444943 is divided by 111222.
55
Calculate the remainder when 186683 is divided by 68.
23
Calculate the remainder when 334246 is divided by 201.
184
What is the remainder when 182796807 is divided by 14167?
6
What is the remainder when 96208 is divided by 31958?
334
Calculate the remainder when 1672195 is divided by 87.
55
What is the remainder when 10768 is divided by 930?
538
What is the remainder when 227253 is divided by 633?
6
Calculate the remainder when 552185 is divided by 6496.
25
What is the remainder when 466719 is divided by 33317?
281
Calculate the remainder when 292338 is divided by 291871.
467
What is the remainder when 121124 is divided by 5264?
52
What is the remainder when 37098943 is divided by 22580?
3
What is the remainder when 6030842 is divided by 1358?
1322
What is the remainder when 222922 is divided by 44520?
322
What is the remainder when 1144440 is divided by 13459?
425
Calculate the remainder when 52240 is divided by 3225.
640
What is the remainder when 6587513 is divided by 235262?
177
What is the remainder when 1190610 is divided by 396869?
3
What is the remainder when 197735 is divided by 11631?
8
What is the remainder when 9127667 is divided by 49?
45
What is the remainder when 33219276 is divided by 91?
90
Calculate the remainder when 62550460 is divided by 806.
24
What is the remainder when 2081109 is divided by 48?
21
Calculate the remainder when 105253490 is divided by 265.
260
Calculate the remainder when 312586 is divided by 4809.
1
What is the remainder when 51654157 is divided by 4719?
4702
What is the remainder when 561708 is divided by 8821?
5985
What is the remainder when 1287130388 is divided by 149?
146
What is the remainder when 479638 is divided by 265?
253
Calculate the remainder when 2649486 is divided by 2131.
653
Calculate the remainder when 20512077 is divided by 124.
121
What is the remainder when 75894 is divided by 75776?
118
Calculate the remainder when 353917 is divided by 29488.
61
What is the remainder when 418935 is divided by 1293?
3
Calculate the remainder when 205807 is divided by 1131.
1096
What is the remainder when 272798 is divided by 50?
48
Calculate the remainder when 701297 is divided by 1193.
1006
Calculate the remainder when 81490 is divided by 1565.
110
What is the remainder when 585784 is divided by 2194?
2180
What is the remainder when 200823 is divided by 4465?
4363
Calculate the remainder when 182130 is divided by 1858.
46
What is the remainder when 278801 is divided by 54707?
5266
Calculate the remainder when 27324284 is divided by 13662136.
12
What is the remainder when 178121 is divided by 465?
26
What is the remainder when 5437748 is divided by 5791?
5790
What is the remainder when 65176256 is divided by 429?
2
What is the remainder when 14660846 is divided by 19316?
2
What is the remainder when 60233 is divided by 651?
341
Calculate the remainder when 653823 is divided by 4874.
707
What is the remainder when 90819 is divided by 1873?
915
What is the remainder when 69219 is divided by 412?
3
What is the remainder when 27260 is divided by 585?
350
What is the remainder when 337677 is divided by 103?
43
Calculate the remainder when 3589635 is divided by 81582.
27
What is the remainder when 240385012 is divided by 9?
7
Calculate the remainder when 90381280 is divided by 17.
15
Calculate the remainder when 317023 is divided by 8949.
3808
Calculate the remainder when 7944607 is divided by 156.
151
Calculate the remainder when 163909 is divided by 17751.
4150
What is the remainder when 8859350 is divided by 777?
773
Calculate the remainder when 5028249 is divided by 2514117.
15
Calculate the remainder when 435 is divided by 408.
27
What is the remainder when 161210098 is divided by 106?
104
Calculate the remainder when 181456 is divided by 1090.
516
Calculate the remainder when 369488 is divided by 11.
9
What is the remainder when 45182 is divided by 14625?
1307
Calculate the remainder when 3324140 is divided by 15981.
92
What is the remainder when 639525 is divided by 213109?
198
What is the remainder when 3867187 is divided by 63?
58
Calculate the remainder when 10732 is divided by 410.
72
What is the remainder when 926283 is divided by 66163?
1
Calculate the remainder when 122939 is divided by 788.
11
Calculate the remainder when 3868472 is divided by 448.
440
Calculate the remainder when 8963942 is divided by 478.
8
What is the remainder when 109839 is divided by 9135?
219
Calculate the remainder when 784133 is divided by 2221.
120
Calculate the remainder when 8101 is divided by 2913.
2275
Calculate the remainder when 8247262 is divided by 137.
136
Calculate the remainder when 3035995 is divided by 518.
515
Calculate the remainder when 23096474 is divided by 197.
194
Calculate the remainder when 45264 is divided by 4888.
1272
What is the remainder when 376580 is divided by 7544?
6924
Calculate the remainder when 9060823 is divided by 3020268.
19
Calculate the remainder when 5523685 is divided by 841.
838
What is the remainder when 3524398 is divided by 178?
176
Calculate the remainder when 10996689 is divided by 6577.
6522
Calculate the remainder when 14171565 is divided by 226.
9
Calculate the remainder when 1583916 is divided by 13310.
26
What is the remainder when 735839 is divided by 36?
35
Calculate the remainder when 118701 is divided by 7408.
173
Calculate the remainder when 200293 is divided by 66722.
127
What is the remainder when 162092 is divided by 31?
24
Calculate the remainder when 811368471 is divided by 3129.
3126
Calculate the remainder when 834221 is divided by 208539.
65
Calculate the remainder when 18849 is divided by 4675.
149
What is the remainder when 2938459 is divided by 91?
69
What is the remainder when 124578 is divided by 124471?
107
Calculate the remainder when 2050812 is divided by 52583.
75
Calculate the remainder when 2417966 is divided by 1561.
1538
Calculate the remainder when 1292499 is divided by 444.
15
Calculate the remainder when 24018631 is divided by 322.
7
Calculate the remainder when 78562 is divided by 3265.
202
Calculate the remainder when 53258 is divided by 7608.
2
Calculate the remainder when 61645633 is divided by 30822811.
11
What is the remainder when 136557038 is divided by 610?
608
Calculate the remainder when 125718084 is divided by 36.
0
What is the remainder when 2810996 is divided by 9693?
26
What is the remainder when 3605327 is divided by 300441?
35
Calculate the remainder when 3641982 is divided by 1465.
1457
Calculate the remainder when 597269 is divided by 2842.
449
What is the remainder when 313458 is divided by 736?
658
Calculate the remainder when 156312 is divided by 1563.
12
Calculate the remainder when 146942 is divided by 905.
332
What is the remainder when 220077 is divided by 442?
403
What is the remainder when 22644 is divided by 22443?
201
What is the remainder when 46638083 is divided by 625?
583
What is the remainder when 41267 is divided by 3745?
72
Calculate the remainder when 7056831 is divided by 7128.
111
Calculate the remainder when 931141 is divided by 2551.
26
What is the remainder when 227778 is divided by 8994?
2928
Calculate the remainder when 204312708 is divided by 6167.
6165
What is the remainder when 44462842 is divided by 81?
79
Calculate the remainder when 237379 is divided by 118596